 Let n be p(23). Let c = 266 + n. What is the hundreds digit of c?
2
Suppose -25723 = 11*g - 101414. What is the units digit of g?
1
Let o(s) = -s**3 - 76*s**2 + 156*s - 110. What is the thousands digit of o(-79)?
6
Suppose 2*w = -20*q - q - 30, -4*q = -4*w + 32. Suppose b = 49 + 28. Suppose -w*a = -b - 325. What is the tens digit of a?
6
Suppose -28*k + 286705 = -242943. What is the ten thousands digit of k?
1
Let m(p) = 13*p + 30. Let x(z) = 8*z - 35. Let o be x(7). Let f be m(o). Suppose -3*j - 5*y + f = 0, 0*j - 3*y = 5*j - 489. What is the tens digit of j?
9
What is the thousands digit of 306/10*57810/738?
2
Let z(a) = -a**3 + 74*a**2 + 74*a + 2171. What is the hundreds digit of z(55)?
7
Suppose 12*l - 3261 - 13287 = 0. Let w = l + -578. What is the units digit of w?
1
Let d(z) = z**3 - z**2 - z. Let t be d(2). Suppose -3*n - t*m = 42, -3*n + 5*n + 9 = 5*m. What is the units digit of n/(-30) + (-796)/(-10)?
0
Let j(r) = r - 1. Let x be -36*(-1)/2 - 3. Let g(f) = f**2 - 8*f + 10. Let w(u) = x*j(u) + 3*g(u). What is the units digit of w(6)?
9
Let r be (-2)/3 - 418/(-6). Let m = r + -54. Suppose -3*h = m, -98 = -3*b + 3*h - 2*h. What is the tens digit of b?
3
Let w(v) = 507*v - 59. What is the tens digit of w(3)?
6
Let g(l) = -l**2 + 18*l - 17. Let q be g(8). Suppose -q*x + 13910 = -37*x. What is the units digit of x?
5
What is the ten thousands digit of (-903)/35 + 26 + 403674/5?
8
Suppose -f + 6390 = -5*u + 160170, 5*f = u - 30732. What is the tens digit of u?
5
Let p = -126 + -441. Let n = p + 612. What is the units digit of n?
5
Let f be (-4)/(-6) + (6 - 80/12). Suppose 28*z - 377 - 435 = f. What is the units digit of z?
9
Let o(c) = 34*c - 19. Let j be o(6). Suppose j = 12*s - 11*s. Let a = s - 70. What is the tens digit of a?
1
Suppose 5*q - 2*j - 90205 = 0, -j = -11*q + 14*q - 54112. What is the tens digit of q?
3
Let a(j) = 204*j**2 - 24*j + 179*j**2 - 91*j**2 + 37. What is the units digit of a(2)?
7
Suppose -11*o + 42526 = -6*o - 2*l, -3*l = -4*o + 34025. What is the hundreds digit of o?
5
Let m = 34056 + -19703. What is the ten thousands digit of m?
1
Suppose -1024 = -3*f + 194. Suppose 3*t + 3*v - f = -2*v, -3*v + 142 = t. What is the hundreds digit of t?
1
Suppose 10 = -2*m, 4*f + 14*m - 16*m - 8986 = 0. Suppose -4*k = -g - f - 2415, 5*g = 5*k - 5835. What is the tens digit of k?
6
Suppose 4*p - 616 = -3*l + 8217, -4*l + 11777 = 5*p. What is the hundreds digit of l?
9
Let m = -35 - -34. Let i be 4 - (1 - m) - 2. Suppose -2*f - 3*f + 105 = i. What is the tens digit of f?
2
Let b(f) = 230*f + 2714. What is the tens digit of b(37)?
2
Let v be ((-84)/(-9) - 8)/((-2)/(-474)). Suppose v = z - 11. Suppose -2*n + g - 2*g + z = 0, -819 = -5*n - g. What is the hundreds digit of n?
1
Let r(a) = -286*a - 279. Let m be r(4). What is the thousands digit of -75 - -69 - m*1?
1
Let h(f) = -f**2 - 3*f - 8. Let q be h(-10). Let v = q - -86. Suppose z - 36 = -v. What is the tens digit of z?
2
Let w(k) = -650*k + 110. What is the tens digit of w(-14)?
1
Let k(z) = -z**2 + 21*z + 71. Let f be k(21). Suppose 80 = 72*h - f*h. What is the units digit of h?
0
Let x = -144 - -242. Let v = x - -328. What is the hundreds digit of v?
4
Let w be (-5)/((-50)/4)*950. Suppose -13*k + w = -2935. What is the units digit of k?
5
Let d = -1218 - -6387. What is the thousands digit of d?
5
Let g = 2077 - 389. What is the thousands digit of g?
1
Let f(p) = -p**3 - 11*p**2 - 17*p - 25. Let t be f(-10). Suppose 11*i + 1 = t. Suppose i*o - 197 = 7. What is the units digit of o?
1
Suppose 21*a = 29*a - 20400. Let l = a - 1574. What is the units digit of l?
6
Let y = 850 + 25023. What is the thousands digit of y?
5
Let a(r) = -2*r - 1. Let v(f) = 71*f + 2. Let c(k) = 4*a(k) + v(k). What is the tens digit of c(1)?
6
Suppose -7*c + 3*c = -5*l - 21, -3*c - 2*l = 13. What is the hundreds digit of 6 - 8 - (c - 150)?
1
Let g(n) = 13*n**3 - 25*n. Let w(m) = 4*m - 3*m**3 + 4*m - 3*m + m. Let s(o) = 2*g(o) + 9*w(o). What is the tens digit of s(-4)?
4
Let y be 8/(-36)*27/(-2). Suppose -79 - 1028 = -3*z - 3*r, -z + y*r = -357. What is the tens digit of z?
6
Suppose -2*q + 186 = v - 189, 3*v - 2*q - 1101 = 0. Let r = 362 - 130. Let n = v - r. What is the units digit of n?
7
Suppose u - 15 = -3*s, 4*u - 43 - 1 = 4*s. Let x(r) = 2006*r + 2012*r + 17 + 3*r**2 - 4047*r. What is the tens digit of x(u)?
0
Let o(q) = -q**3 + 7*q**2 - 11*q + 1. Let p be o(4). Let f(h) = 19*h - 16. What is the units digit of f(p)?
9
Suppose 10*a + 4*h - 412 = 7*a, 2*a = -2*h + 278. Let o = 61 - 164. Let n = o + a. What is the units digit of n?
1
Suppose v + 2*v - 43 = l, 0 = -l - 2*v - 58. Let m be l*(14/7 - (-18)/(-8)). Suppose 3*z + 1 = m. What is the units digit of z?
4
Suppose -2*o + 3 = -1. Suppose 5*c = 2*t - 27, o*t - 9 = 3*t + 2*c. Let m(g) = 41*g - 1. What is the tens digit of m(t)?
4
Suppose -9*l = -4*t - 4*l + 19, -l - 29 = -5*t. Suppose -190 = -2*a + 4*y, t*a + 3*y = 8*a - 193. What is the tens digit of a?
0
Let l be (3/((-12)/(-158)))/(10/20). Let y = l - 78. What is the units digit of (y/(-1) + -36)/((-3)/9)?
1
Suppose 56*o - 9773580 = -234*o. What is the thousands digit of o?
3
Suppose 22*f - 20*f = h + 5779, 0 = -2*f + 2*h + 5776. What is the hundreds digit of f?
8
Let s(k) = k**2 + 10*k - 27. Let p be s(-12). Let r(z) = -z**2 - 5*z - 3. Let f be r(p). Suppose -f*l + 68 = 53. What is the units digit of l?
5
Suppose 2*h + 4*p = 54, 673*p - 676*p = 2*h - 49. Let v(d) = 65*d + 15. Let w(u) = 22*u + 5. Let n(i) = 4*v(i) - 11*w(i). What is the tens digit of n(h)?
1
Suppose -75*c = -35*c - 38*c - 59908. What is the thousands digit of c?
9
Suppose 3*l - 13934 = -2*r, -23*l = -18*l + 5*r - 23215. What is the units digit of l?
8
Suppose 102*q + 125545 - 519188 = 617483. What is the hundreds digit of q?
9
Let h(s) = -19*s + 173. Let x be h(16). Let g = x + 356. What is the tens digit of g?
2
Suppose 4*r + 4*t = 42000, 99*r + 10494 = 100*r + 2*t. What is the hundreds digit of r?
5
Let a(v) = -12*v - 43. Let i be a(14). Let x = 34 - i. What is the tens digit of x?
4
What is the thousands digit of 334/(-3)*1*(-31)/((-1364)/(-2574))?
6
What is the thousands digit of -10 + 17 - (-7 + -4955)?
4
Let h be (-1)/(-5) + (-9)/(-5). Suppose -m - k - 1749 = 0, -12*m + 5*k = -10*m + 3463. What is the tens digit of m/(-10) - h/5?
7
Suppose 26*p - 47 = 83. Suppose 0 = p*m - 4*o - 2639, -3*o + 985 = 4*m - 1151. What is the units digit of m?
1
Let n(d) be the third derivative of 24*d**2 + 0*d - 3/2*d**3 + 1/10*d**5 - 1/4*d**4 + 0. What is the tens digit of n(-2)?
2
Suppose -258*m + 503*m + 91035 = 250*m. What is the units digit of m?
7
Let x(u) = 2*u + 8*u + 11 + 2*u + 4*u. Let g be x(2). Suppose -5*p - g - 7 = -b, 4*b - p = 276. What is the tens digit of b?
7
Let t = 6371 + -4239. Suppose -4*a - t = 9*a. Let w = a + 392. What is the tens digit of w?
2
Let j = 12 - 10. Let o(q) = q**2 - 101*q - 2*q**2 + 2*q**j + 102*q - 15. What is the units digit of o(5)?
5
Suppose -4*c + 2*k = -10, 3*c - 3*k + 5*k - 25 = 0. Suppose 20 = c*u, -u + 6 = 3*n - 4*u. Suppose -10*p + 192 = -n*p. What is the tens digit of p?
4
Let b = -2 + 26. Suppose -5*p - 4*x + x + 119 = 0, -4*x + 34 = p. Let v = b - p. What is the units digit of v?
2
Let z be ((-8)/1)/(-2 + 15 + -14). Let p = 4 - 1. Suppose p*j = z*j - 40. What is the units digit of j?
8
Suppose 1193900 - 508205 = 12*r + 3*r. What is the hundreds digit of r?
7
Let z = 88 + -91. Let l(u) = -u**3 + u**2 - 6*u - 9. Let g be l(z). Suppose -5*v + g = 2*x - 0*v, -5 = -v. What is the tens digit of x?
1
Suppose -132 = -10*a - 12*a. Suppose a*y - 499 - 431 = 0. What is the units digit of y?
5
Let u = -662 + 667. What is the hundreds digit of (0 + -1)/(u/(-5165)*1)?
0
Let g(y) = -7*y**3 + 53*y**2 + 635*y - 12. What is the ten thousands digit of g(-19)?
5
Let o = 0 + 4. What is the units digit of 22*8*(-1)/(-8)*o?
8
Suppose 54*n - 19125 = 9*n. What is the tens digit of n?
2
Suppose 612 = 3*o - k - 4*k, -o + 2*k + 204 = 0. Let b = 297 - o. What is the tens digit of b?
9
What is the hundreds digit of 4/((-8)/(-6))*2/6 + 4725?
7
What is the tens digit of 21189 - 135/(285/19)?
8
Let c = -30 + 34. Let d(m) = 6*m + 6 + 2 - c + 4. What is the units digit of d(7)?
0
Let f(n) = 90*n**3 - 176*n**2 - 17*n + 6.